{"id":1324,"date":"2022-02-24T05:03:32","date_gmt":"2022-02-24T05:03:32","guid":{"rendered":"https:\/\/collectif-cnv-tse.net\/?page_id=1324"},"modified":"2024-04-03T17:22:41","modified_gmt":"2024-04-03T15:22:41","slug":"about","status":"publish","type":"page","link":"https:\/\/collectif-cnv-tse.net\/?page_id=1324","title":{"rendered":"A propos"},"content":{"rendered":"\n<div class=\"wp-block-uagb-container uagb-block-d434d5d2 alignfull uagb-is-root-container\">\n<div class=\"wp-block-uagb-advanced-heading uagb-block-bc57e370\"><\/div>\n<\/div>\n\n\n\n<div class=\"wp-block-uagb-container uagb-block-b9187d29 alignfull uagb-is-root-container\"><div class=\"uagb-container-inner-blocks-wrap\">\n<div class=\"wp-block-uagb-advanced-heading uagb-block-9dc10c07\"><h2 class=\"uagb-heading-text\">A PROPOS DU COLLECTIF !<\/h2><\/div>\n\n\n\n<div class=\"wp-block-uagb-container uagb-block-3450a403\">\n<div class=\"wp-block-uagb-container uagb-block-dd87329b\">\n<div class=\"wp-block-group is-nowrap is-layout-flex wp-container-core-group-is-layout-6c531013 wp-block-group-is-layout-flex\">\n<figure class=\"wp-block-image size-full is-style-default\"><img loading=\"lazy\" decoding=\"async\" width=\"372\" height=\"379\" src=\"https:\/\/collectif-cnv-tse.net\/wp-content\/uploads\/2023\/08\/raisondetre1-e1693383929251.webp\" alt=\"Raison d'\u00eatre\" class=\"wp-image-2002\" srcset=\"https:\/\/collectif-cnv-tse.net\/wp-content\/uploads\/2023\/08\/raisondetre1-e1693383929251.webp 372w, https:\/\/collectif-cnv-tse.net\/wp-content\/uploads\/2023\/08\/raisondetre1-e1693383929251-294x300.webp 294w\" sizes=\"auto, (max-width: 372px) 100vw, 372px\" \/><\/figure>\n\n\n\n<div class=\"wp-block-uagb-info-box uagb-block-40ba9bbc uagb-infobox__content-wrap  uagb-infobox-icon-above-title uagb-infobox-image-valign-top\"><div class=\"uagb-ifb-content\"><div class=\"uagb-ifb-title-wrap\"><h4 class=\"uagb-ifb-title\">Notre raison d&rsquo;\u00eatre<\/h4><\/div><p class=\"uagb-ifb-desc\">Nous sommes un <strong>groupe\u00a0de compagnonnage<\/strong> <strong>multiculturel<\/strong>,\u00a0de recherche,\u00a0d&rsquo;inspiration et d&rsquo;action,\u00a0<br>qui <strong>explorons\u00a0ensemble\u00a0et\u00a0partageons\u00a0<\/strong>concr\u00e8tement, dans une perspective de soutien mutuel,\u00a0<strong>diff\u00e9rentes\u00a0formes\u00a0de transformations\u00a0sociales\u00a0et\u00a0\u00e9cologiques\u00a0avec\u00a0la CNV<\/strong> et plus largement la non violence.<\/p><\/div><\/div>\n<\/div>\n<\/div>\n<\/div>\n\n\n\n<div class=\"wp-block-uagb-container uagb-block-cf257619\">\n<div class=\"wp-block-group is-nowrap is-layout-flex wp-container-core-group-is-layout-6c531013 wp-block-group-is-layout-flex\">\n<div class=\"wp-block-uagb-info-box uagb-block-ab071bce uagb-infobox__content-wrap  uagb-infobox-icon-above-title uagb-infobox-image-valign-top\"><div class=\"uagb-ifb-content\"><div class=\"uagb-ifb-title-wrap\"><h4 class=\"uagb-ifb-title\">Rattachement et contours<\/h4><\/div><p class=\"uagb-ifb-desc\">Le groupe est un collectif. Il peut \u00eatre recens\u00e9 ou en interactions dans les associations et les autres r\u00e9seaux, mais il est ind\u00e9pendant de toute association ou institution. Il regroupe des personnes francophones de diff\u00e9rentes nationalit\u00e9s et r\u00e9sidant dans 10 pays diff\u00e9rents en Europe, Afrique et Am\u00e9rique Latine.<\/p><\/div><\/div>\n\n\n\n<figure class=\"wp-block-image size-full\"><img loading=\"lazy\" decoding=\"async\" width=\"570\" height=\"380\" src=\"https:\/\/collectif-cnv-tse.net\/wp-content\/uploads\/2023\/08\/Raison_Etre_myphilanthropy.webp\" alt=\"Raison d'\u00eatre\" class=\"wp-image-2003\" srcset=\"https:\/\/collectif-cnv-tse.net\/wp-content\/uploads\/2023\/08\/Raison_Etre_myphilanthropy.webp 570w, https:\/\/collectif-cnv-tse.net\/wp-content\/uploads\/2023\/08\/Raison_Etre_myphilanthropy-300x200.webp 300w\" sizes=\"auto, (max-width: 570px) 100vw, 570px\" \/><\/figure>\n<\/div>\n<\/div>\n\n\n\n<div class=\"wp-block-uagb-container uagb-block-a0794e0e\">\n<div class=\"wp-block-group is-nowrap is-layout-flex wp-container-core-group-is-layout-6c531013 wp-block-group-is-layout-flex\">\n<figure class=\"wp-block-image size-full\"><img loading=\"lazy\" decoding=\"async\" width=\"474\" height=\"266\" src=\"https:\/\/collectif-cnv-tse.net\/wp-content\/uploads\/2023\/08\/th.webp\" alt=\"Participants\" class=\"wp-image-2004\" srcset=\"https:\/\/collectif-cnv-tse.net\/wp-content\/uploads\/2023\/08\/th.webp 474w, https:\/\/collectif-cnv-tse.net\/wp-content\/uploads\/2023\/08\/th-300x168.webp 300w\" sizes=\"auto, (max-width: 474px) 100vw, 474px\" \/><\/figure>\n\n\n\n<div class=\"wp-block-uagb-info-box uagb-block-6087ee0d uagb-infobox__content-wrap  uagb-infobox-icon-above-title uagb-infobox-image-valign-top\"><div class=\"uagb-ifb-content\"><div class=\"uagb-ifb-title-wrap\"><h4 class=\"uagb-ifb-title\">Fonctionnement du groupe<\/h4><\/div><p class=\"uagb-ifb-desc\">Groupe autog\u00e9r\u00e9, animation tournante \u00e0 l\u2019initiative de Sophie Lewandowski, le groupe a \u00e9t\u00e9 co-cr\u00e9\u00e9 en mai 2020 avec H\u00e9l\u00e8ne Artaud, Clothilde Dumont et Xavier Fayolle. L\u2019animation a commenc\u00e9 avec ce quatuor et a \u00e9t\u00e9 assur\u00e9e ensuite de mani\u00e8re tournante avec diff\u00e9rents r\u00f4les. Un groupe de pilotage est actuellement assur\u00e9 par Sophie Lewandowski, Clotilde Dumont, Tarik Larachi, Heloisa Gravina, L\u00e9ontine Keijzer-Gango et Emilie Chapuis. Tout membre du groupe est b\u00e9n\u00e9vole.<\/p><\/div><\/div>\n<\/div>\n<\/div>\n\n\n\n<div class=\"wp-block-uagb-container uagb-block-cd0807e8\">\n<div class=\"wp-block-group is-nowrap is-layout-flex wp-container-core-group-is-layout-6c531013 wp-block-group-is-layout-flex\">\n<div class=\"wp-block-uagb-info-box uagb-block-4d1b6f15 uagb-infobox__content-wrap  uagb-infobox-icon-above-title uagb-infobox-image-valign-top\"><div class=\"uagb-ifb-content\"><div class=\"uagb-ifb-title-wrap\"><h4 class=\"uagb-ifb-title\">Participants<\/h4><\/div><p class=\"uagb-ifb-desc\">Personnes :<br>&#8211; engag\u00e9es dans une d\u00e9marche de CNV et plus largement de non violence <br>&#8211; impliqu\u00e9es dans des projets de transformations sociales et \u00e9cologiques (il ne s&rsquo;agit pas d&rsquo;\u00eatre formateurs ou coach de personnes impliqu\u00e9es -m\u00eame si certain.e.s d&rsquo;entre nous le sont aussi- mais bien de s&rsquo;impliquer soi-m\u00eame dans des projets concrets)<br>&#8211; parlant fran\u00e7ais (quel que soit le pays de r\u00e9sidence, \u00e0 condition de compatibilit\u00e9 de d\u00e9calage horaire)<br>&#8211; qui se sentent pr\u00eates \u00e0 une d\u00e9marche d\u2019apprentissage en commun et de solidarit\u00e9 mutuelle<\/p><\/div><\/div>\n\n\n\n<figure class=\"wp-block-image size-full\"><img loading=\"lazy\" decoding=\"async\" width=\"570\" height=\"380\" src=\"https:\/\/collectif-cnv-tse.net\/wp-content\/uploads\/2023\/08\/participation.webp\" alt=\"\" class=\"wp-image-2019\" style=\"object-fit:cover\" srcset=\"https:\/\/collectif-cnv-tse.net\/wp-content\/uploads\/2023\/08\/participation.webp 570w, https:\/\/collectif-cnv-tse.net\/wp-content\/uploads\/2023\/08\/participation-300x200.webp 300w\" sizes=\"auto, (max-width: 570px) 100vw, 570px\" \/><\/figure>\n<\/div>\n<\/div>\n<\/div><\/div>\n","protected":false},"excerpt":{"rendered":"<p>A PROPOS DU COLLECTIF !<\/p>\n","protected":false},"author":1,"featured_media":0,"parent":0,"menu_order":0,"comment_status":"closed","ping_status":"closed","template":"","meta":{"_uag_custom_page_level_css":"","site-sidebar-layout":"no-sidebar","site-content-layout":"page-builder","ast-site-content-layout":"full-width-container","site-content-style":"unboxed","site-sidebar-style":"unboxed","ast-global-header-display":"","ast-banner-title-visibility":"","ast-main-header-display":"","ast-hfb-above-header-display":"","ast-hfb-below-header-display":"","ast-hfb-mobile-header-display":"","site-post-title":"disabled","ast-breadcrumbs-content":"","ast-featured-img":"disabled","footer-sml-layout":"","ast-disable-related-posts":"","theme-transparent-header-meta":"enabled","adv-header-id-meta":"","stick-header-meta":"","header-above-stick-meta":"","header-main-stick-meta":"","header-below-stick-meta":"","astra-migrate-meta-layouts":"set","ast-page-background-enabled":"default","ast-page-background-meta":{"desktop":{"background-color":"var(--ast-global-color-4)","background-image":"","background-repeat":"repeat","background-position":"center center","background-size":"auto","background-attachment":"scroll","background-type":"","background-media":"","overlay-type":"","overlay-color":"","overlay-opacity":"","overlay-gradient":""},"tablet":{"background-color":"","background-image":"","background-repeat":"repeat","background-position":"center center","background-size":"auto","background-attachment":"scroll","background-type":"","background-media":"","overlay-type":"","overlay-color":"","overlay-opacity":"","overlay-gradient":""},"mobile":{"background-color":"","background-image":"","background-repeat":"repeat","background-position":"center center","background-size":"auto","background-attachment":"scroll","background-type":"","background-media":"","overlay-type":"","overlay-color":"","overlay-opacity":"","overlay-gradient":""}},"ast-content-background-meta":{"desktop":{"background-color":"var(--ast-global-color-5)","background-image":"","background-repeat":"repeat","background-position":"center center","background-size":"auto","background-attachment":"scroll","background-type":"","background-media":"","overlay-type":"","overlay-color":"","overlay-opacity":"","overlay-gradient":""},"tablet":{"background-color":"var(--ast-global-color-5)","background-image":"","background-repeat":"repeat","background-position":"center center","background-size":"auto","background-attachment":"scroll","background-type":"","background-media":"","overlay-type":"","overlay-color":"","overlay-opacity":"","overlay-gradient":""},"mobile":{"background-color":"var(--ast-global-color-5)","background-image":"","background-repeat":"repeat","background-position":"center center","background-size":"auto","background-attachment":"scroll","background-type":"","background-media":"","overlay-type":"","overlay-color":"","overlay-opacity":"","overlay-gradient":""}},"footnotes":""},"class_list":["post-1324","page","type-page","status-publish","hentry"],"uagb_featured_image_src":{"full":false,"thumbnail":false,"medium":false,"medium_large":false,"large":false,"1536x1536":false,"2048x2048":false},"uagb_author_info":{"display_name":"cnvtseadmin","author_link":"https:\/\/collectif-cnv-tse.net\/?author=1"},"uagb_comment_info":0,"uagb_excerpt":"A PROPOS DU COLLECTIF !","_links":{"self":[{"href":"https:\/\/collectif-cnv-tse.net\/index.php?rest_route=\/wp\/v2\/pages\/1324","targetHints":{"allow":["GET"]}}],"collection":[{"href":"https:\/\/collectif-cnv-tse.net\/index.php?rest_route=\/wp\/v2\/pages"}],"about":[{"href":"https:\/\/collectif-cnv-tse.net\/index.php?rest_route=\/wp\/v2\/types\/page"}],"author":[{"embeddable":true,"href":"https:\/\/collectif-cnv-tse.net\/index.php?rest_route=\/wp\/v2\/users\/1"}],"replies":[{"embeddable":true,"href":"https:\/\/collectif-cnv-tse.net\/index.php?rest_route=%2Fwp%2Fv2%2Fcomments&post=1324"}],"version-history":[{"count":53,"href":"https:\/\/collectif-cnv-tse.net\/index.php?rest_route=\/wp\/v2\/pages\/1324\/revisions"}],"predecessor-version":[{"id":2216,"href":"https:\/\/collectif-cnv-tse.net\/index.php?rest_route=\/wp\/v2\/pages\/1324\/revisions\/2216"}],"wp:attachment":[{"href":"https:\/\/collectif-cnv-tse.net\/index.php?rest_route=%2Fwp%2Fv2%2Fmedia&parent=1324"}],"curies":[{"name":"wp","href":"https:\/\/api.w.org\/{rel}","templated":true}]}}